{"id":86192,"date":"2025-02-07T10:38:14","date_gmt":"2025-02-07T09:38:14","guid":{"rendered":"https:\/\/www.valleedazergues.com\/?post_type=offres-groupe&#038;p=86192"},"modified":"2025-02-07T10:38:14","modified_gmt":"2025-02-07T09:38:14","slug":"grenoble-et-la-bastille-2","status":"publish","type":"offres-groupe","link":"https:\/\/www.valleedazergues.com\/en\/group-offers\/grenoble-et-la-bastille-2\/","title":{"rendered":"Grenoble et la Bastille"},"author":2,"featured_media":86193,"template":"","class_list":["post-86192","offres-groupe","type-offres-groupe","status-publish","has-post-thumbnail","hentry"],"yoast_head":"<!-- This site is optimized with the Yoast SEO plugin v27.5 - https:\/\/yoast.com\/product\/yoast-seo-wordpress\/ -->\n<title>Grenoble et la Bastille - Autocars de la Vall\u00e9e d&#039;Azergues<\/title>\n<meta name=\"description\" content=\"Tour comment\u00e9 de Grenoble en autocar, mont\u00e9e en t\u00e9l\u00e9ph\u00e9rique au site de la Bastille, visite du Mus\u00e9e des Troupes de Montagne\" \/>\n<meta name=\"robots\" content=\"index, follow, max-snippet:-1, max-image-preview:large, max-video-preview:-1\" \/>\n<link rel=\"canonical\" href=\"https:\/\/www.valleedazergues.com\/en\/group-offers\/grenoble-et-la-bastille-2\/\" \/>\n<meta property=\"og:locale\" content=\"en_GB\" \/>\n<meta property=\"og:type\" content=\"article\" \/>\n<meta property=\"og:title\" content=\"Grenoble et la Bastille - Autocars de la Vall\u00e9e d&#039;Azergues\" \/>\n<meta property=\"og:description\" content=\"Tour comment\u00e9 de Grenoble en autocar, mont\u00e9e en t\u00e9l\u00e9ph\u00e9rique au site de la Bastille, visite du Mus\u00e9e des Troupes de Montagne\" \/>\n<meta property=\"og:url\" content=\"https:\/\/www.valleedazergues.com\/en\/group-offers\/grenoble-et-la-bastille-2\/\" \/>\n<meta property=\"og:site_name\" content=\"Autocars de la Vall\u00e9e d&#039;Azergues\" \/>\n<meta property=\"article:publisher\" content=\"https:\/\/www.facebook.com\/autocarsvalleedazergues\/\" \/>\n<meta property=\"og:image\" content=\"https:\/\/www.valleedazergues.com\/wp-content\/uploads\/2025\/02\/Grenoble.jpg\" \/>\n\t<meta property=\"og:image:width\" content=\"1280\" \/>\n\t<meta property=\"og:image:height\" content=\"960\" \/>\n\t<meta property=\"og:image:type\" content=\"image\/jpeg\" \/>\n<meta name=\"twitter:card\" content=\"summary_large_image\" \/>\n<meta name=\"twitter:label1\" content=\"Estimated reading time\" \/>\n\t<meta name=\"twitter:data1\" content=\"1 minute\" \/>\n<script type=\"application\/ld+json\" class=\"yoast-schema-graph\">{\"@context\":\"https:\\\/\\\/schema.org\",\"@graph\":[{\"@type\":\"WebPage\",\"@id\":\"https:\\\/\\\/www.valleedazergues.com\\\/en\\\/group-offers\\\/grenoble-et-la-bastille-2\\\/\",\"url\":\"https:\\\/\\\/www.valleedazergues.com\\\/en\\\/group-offers\\\/grenoble-et-la-bastille-2\\\/\",\"name\":\"Grenoble et la Bastille - Autocars de la Vall\u00e9e d&#039;Azergues\",\"isPartOf\":{\"@id\":\"https:\\\/\\\/www.valleedazergues.com\\\/en\\\/#website\"},\"primaryImageOfPage\":{\"@id\":\"https:\\\/\\\/www.valleedazergues.com\\\/en\\\/group-offers\\\/grenoble-et-la-bastille-2\\\/#primaryimage\"},\"image\":{\"@id\":\"https:\\\/\\\/www.valleedazergues.com\\\/en\\\/group-offers\\\/grenoble-et-la-bastille-2\\\/#primaryimage\"},\"thumbnailUrl\":\"https:\\\/\\\/www.valleedazergues.com\\\/wp-content\\\/uploads\\\/2025\\\/02\\\/Grenoble.jpg\",\"datePublished\":\"2025-02-07T09:38:14+00:00\",\"description\":\"Tour comment\u00e9 de Grenoble en autocar, mont\u00e9e en t\u00e9l\u00e9ph\u00e9rique au site de la Bastille, visite du Mus\u00e9e des Troupes de Montagne\",\"breadcrumb\":{\"@id\":\"https:\\\/\\\/www.valleedazergues.com\\\/en\\\/group-offers\\\/grenoble-et-la-bastille-2\\\/#breadcrumb\"},\"inLanguage\":\"en-GB\",\"potentialAction\":[{\"@type\":\"ReadAction\",\"target\":[\"https:\\\/\\\/www.valleedazergues.com\\\/en\\\/group-offers\\\/grenoble-et-la-bastille-2\\\/\"]}]},{\"@type\":\"ImageObject\",\"inLanguage\":\"en-GB\",\"@id\":\"https:\\\/\\\/www.valleedazergues.com\\\/en\\\/group-offers\\\/grenoble-et-la-bastille-2\\\/#primaryimage\",\"url\":\"https:\\\/\\\/www.valleedazergues.com\\\/wp-content\\\/uploads\\\/2025\\\/02\\\/Grenoble.jpg\",\"contentUrl\":\"https:\\\/\\\/www.valleedazergues.com\\\/wp-content\\\/uploads\\\/2025\\\/02\\\/Grenoble.jpg\",\"width\":1280,\"height\":960},{\"@type\":\"BreadcrumbList\",\"@id\":\"https:\\\/\\\/www.valleedazergues.com\\\/en\\\/group-offers\\\/grenoble-et-la-bastille-2\\\/#breadcrumb\",\"itemListElement\":[{\"@type\":\"ListItem\",\"position\":1,\"name\":\"Accueil\",\"item\":\"https:\\\/\\\/www.valleedazergues.com\\\/en\\\/\"},{\"@type\":\"ListItem\",\"position\":2,\"name\":\"Offres de Groupes\",\"item\":\"https:\\\/\\\/www.valleedazergues.com\\\/en\\\/group-offers\\\/\"},{\"@type\":\"ListItem\",\"position\":3,\"name\":\"Grenoble et la Bastille\"}]},{\"@type\":\"WebSite\",\"@id\":\"https:\\\/\\\/www.valleedazergues.com\\\/en\\\/#website\",\"url\":\"https:\\\/\\\/www.valleedazergues.com\\\/en\\\/\",\"name\":\"Autocars de la Vall\u00e9e d'Azergues\",\"description\":\"\",\"publisher\":{\"@id\":\"https:\\\/\\\/www.valleedazergues.com\\\/en\\\/#organization\"},\"potentialAction\":[{\"@type\":\"SearchAction\",\"target\":{\"@type\":\"EntryPoint\",\"urlTemplate\":\"https:\\\/\\\/www.valleedazergues.com\\\/en\\\/?s={search_term_string}\"},\"query-input\":{\"@type\":\"PropertyValueSpecification\",\"valueRequired\":true,\"valueName\":\"search_term_string\"}}],\"inLanguage\":\"en-GB\"},{\"@type\":\"Organization\",\"@id\":\"https:\\\/\\\/www.valleedazergues.com\\\/en\\\/#organization\",\"name\":\"Autocars Vall\u00e9e d'Azergues\",\"url\":\"https:\\\/\\\/www.valleedazergues.com\\\/en\\\/\",\"logo\":{\"@type\":\"ImageObject\",\"inLanguage\":\"en-GB\",\"@id\":\"https:\\\/\\\/www.valleedazergues.com\\\/en\\\/#\\\/schema\\\/logo\\\/image\\\/\",\"url\":\"https:\\\/\\\/www.valleedazergues.com\\\/wp-content\\\/uploads\\\/2021\\\/08\\\/partage-site.jpg\",\"contentUrl\":\"https:\\\/\\\/www.valleedazergues.com\\\/wp-content\\\/uploads\\\/2021\\\/08\\\/partage-site.jpg\",\"width\":560,\"height\":292,\"caption\":\"Autocars Vall\u00e9e d'Azergues\"},\"image\":{\"@id\":\"https:\\\/\\\/www.valleedazergues.com\\\/en\\\/#\\\/schema\\\/logo\\\/image\\\/\"},\"sameAs\":[\"https:\\\/\\\/www.facebook.com\\\/autocarsvalleedazergues\\\/\"]}]}<\/script>\n<!-- \/ Yoast SEO plugin. -->","yoast_head_json":{"title":"Grenoble et la Bastille - Autocars de la Vall\u00e9e d&#039;Azergues","description":"Tour comment\u00e9 de Grenoble en autocar, mont\u00e9e en t\u00e9l\u00e9ph\u00e9rique au site de la Bastille, visite du Mus\u00e9e des Troupes de Montagne","robots":{"index":"index","follow":"follow","max-snippet":"max-snippet:-1","max-image-preview":"max-image-preview:large","max-video-preview":"max-video-preview:-1"},"canonical":"https:\/\/www.valleedazergues.com\/en\/group-offers\/grenoble-et-la-bastille-2\/","og_locale":"en_GB","og_type":"article","og_title":"Grenoble et la Bastille - Autocars de la Vall\u00e9e d&#039;Azergues","og_description":"Tour comment\u00e9 de Grenoble en autocar, mont\u00e9e en t\u00e9l\u00e9ph\u00e9rique au site de la Bastille, visite du Mus\u00e9e des Troupes de Montagne","og_url":"https:\/\/www.valleedazergues.com\/en\/group-offers\/grenoble-et-la-bastille-2\/","og_site_name":"Autocars de la Vall\u00e9e d&#039;Azergues","article_publisher":"https:\/\/www.facebook.com\/autocarsvalleedazergues\/","og_image":[{"width":1280,"height":960,"url":"https:\/\/www.valleedazergues.com\/wp-content\/uploads\/2025\/02\/Grenoble.jpg","type":"image\/jpeg"}],"twitter_card":"summary_large_image","twitter_misc":{"Estimated reading time":"1 minute"},"schema":{"@context":"https:\/\/schema.org","@graph":[{"@type":"WebPage","@id":"https:\/\/www.valleedazergues.com\/en\/group-offers\/grenoble-et-la-bastille-2\/","url":"https:\/\/www.valleedazergues.com\/en\/group-offers\/grenoble-et-la-bastille-2\/","name":"Grenoble et la Bastille - Autocars de la Vall\u00e9e d&#039;Azergues","isPartOf":{"@id":"https:\/\/www.valleedazergues.com\/en\/#website"},"primaryImageOfPage":{"@id":"https:\/\/www.valleedazergues.com\/en\/group-offers\/grenoble-et-la-bastille-2\/#primaryimage"},"image":{"@id":"https:\/\/www.valleedazergues.com\/en\/group-offers\/grenoble-et-la-bastille-2\/#primaryimage"},"thumbnailUrl":"https:\/\/www.valleedazergues.com\/wp-content\/uploads\/2025\/02\/Grenoble.jpg","datePublished":"2025-02-07T09:38:14+00:00","description":"Tour comment\u00e9 de Grenoble en autocar, mont\u00e9e en t\u00e9l\u00e9ph\u00e9rique au site de la Bastille, visite du Mus\u00e9e des Troupes de Montagne","breadcrumb":{"@id":"https:\/\/www.valleedazergues.com\/en\/group-offers\/grenoble-et-la-bastille-2\/#breadcrumb"},"inLanguage":"en-GB","potentialAction":[{"@type":"ReadAction","target":["https:\/\/www.valleedazergues.com\/en\/group-offers\/grenoble-et-la-bastille-2\/"]}]},{"@type":"ImageObject","inLanguage":"en-GB","@id":"https:\/\/www.valleedazergues.com\/en\/group-offers\/grenoble-et-la-bastille-2\/#primaryimage","url":"https:\/\/www.valleedazergues.com\/wp-content\/uploads\/2025\/02\/Grenoble.jpg","contentUrl":"https:\/\/www.valleedazergues.com\/wp-content\/uploads\/2025\/02\/Grenoble.jpg","width":1280,"height":960},{"@type":"BreadcrumbList","@id":"https:\/\/www.valleedazergues.com\/en\/group-offers\/grenoble-et-la-bastille-2\/#breadcrumb","itemListElement":[{"@type":"ListItem","position":1,"name":"Accueil","item":"https:\/\/www.valleedazergues.com\/en\/"},{"@type":"ListItem","position":2,"name":"Offres de Groupes","item":"https:\/\/www.valleedazergues.com\/en\/group-offers\/"},{"@type":"ListItem","position":3,"name":"Grenoble et la Bastille"}]},{"@type":"WebSite","@id":"https:\/\/www.valleedazergues.com\/en\/#website","url":"https:\/\/www.valleedazergues.com\/en\/","name":"Autocars de la Vall\u00e9e d'Azergues","description":"","publisher":{"@id":"https:\/\/www.valleedazergues.com\/en\/#organization"},"potentialAction":[{"@type":"SearchAction","target":{"@type":"EntryPoint","urlTemplate":"https:\/\/www.valleedazergues.com\/en\/?s={search_term_string}"},"query-input":{"@type":"PropertyValueSpecification","valueRequired":true,"valueName":"search_term_string"}}],"inLanguage":"en-GB"},{"@type":"Organization","@id":"https:\/\/www.valleedazergues.com\/en\/#organization","name":"Autocars Vall\u00e9e d'Azergues","url":"https:\/\/www.valleedazergues.com\/en\/","logo":{"@type":"ImageObject","inLanguage":"en-GB","@id":"https:\/\/www.valleedazergues.com\/en\/#\/schema\/logo\/image\/","url":"https:\/\/www.valleedazergues.com\/wp-content\/uploads\/2021\/08\/partage-site.jpg","contentUrl":"https:\/\/www.valleedazergues.com\/wp-content\/uploads\/2021\/08\/partage-site.jpg","width":560,"height":292,"caption":"Autocars Vall\u00e9e d'Azergues"},"image":{"@id":"https:\/\/www.valleedazergues.com\/en\/#\/schema\/logo\/image\/"},"sameAs":["https:\/\/www.facebook.com\/autocarsvalleedazergues\/"]}]}},"featured_img":"https:\/\/www.valleedazergues.com\/wp-content\/uploads\/2025\/02\/Grenoble.jpg","coauthors":[],"author_meta":{"author_link":"https:\/\/www.valleedazergues.com\/en\/author\/autocarsvda\/","display_name":"autocarsVDA"},"relative_dates":{"created":"Posted 1 year ago","modified":"Updated 1 year ago"},"absolute_dates":{"created":"Posted on 7 February 2025","modified":"Updated on 7 February 2025"},"absolute_dates_time":{"created":"Posted on 7 February 2025 10:38","modified":"Updated on 7 February 2025 10:38"},"featured_img_caption":"","tax_additional":[],"series_order":"","_links":{"self":[{"href":"https:\/\/www.valleedazergues.com\/en\/wp-json\/wp\/v2\/offres-groupe\/86192","targetHints":{"allow":["GET"]}}],"collection":[{"href":"https:\/\/www.valleedazergues.com\/en\/wp-json\/wp\/v2\/offres-groupe"}],"about":[{"href":"https:\/\/www.valleedazergues.com\/en\/wp-json\/wp\/v2\/types\/offres-groupe"}],"wp:featuredmedia":[{"embeddable":true,"href":"https:\/\/www.valleedazergues.com\/en\/wp-json\/wp\/v2\/media\/86193"}],"wp:attachment":[{"href":"https:\/\/www.valleedazergues.com\/en\/wp-json\/wp\/v2\/media?parent=86192"}],"curies":[{"name":"wp","href":"https:\/\/api.w.org\/{rel}","templated":true}]}}

<!-- This site is optimized with the Yoast SEO plugin v27.5 - https://yoast.com/product/yoast-seo-wordpress/ -->
<title>Grenoble et la Bastille - Autocars de la Vallée d&#039;Azergues</title>
<meta name="description" content="Tour commenté de Grenoble en autocar, montée en téléphérique au site de la Bastille, visite du Musée des Troupes de Montagne" />
<meta name="robots" content="index, follow, max-snippet:-1, max-image-preview:large, max-video-preview:-1" />
<link rel="canonical" href="https://www.valleedazergues.com/en/group-offers/grenoble-et-la-bastille-2/" />
<meta property="og:locale" content="en_GB" />
<meta property="og:type" content="article" />
<meta property="og:title" content="Grenoble et la Bastille - Autocars de la Vallée d&#039;Azergues" />
<meta property="og:description" content="Tour commenté de Grenoble en autocar, montée en téléphérique au site de la Bastille, visite du Musée des Troupes de Montagne" />
<meta property="og:url" content="https://www.valleedazergues.com/en/group-offers/grenoble-et-la-bastille-2/" />
<meta property="og:site_name" content="Autocars de la Vallée d&#039;Azergues" />
<meta property="article:publisher" content="https://www.facebook.com/autocarsvalleedazergues/" />
<meta property="og:image" content="https://www.valleedazergues.com/wp-content/uploads/2025/02/Grenoble.jpg" />
	<meta property="og:image:width" content="1280" />
	<meta property="og:image:height" content="960" />
	<meta property="og:image:type" content="image/jpeg" />
<meta name="twitter:card" content="summary_large_image" />
<meta name="twitter:label1" content="Estimated reading time" />
	<meta name="twitter:data1" content="1 minute" />
<script type="application/ld+json" class="yoast-schema-graph">{"@context":"https:\/\/schema.org","@graph":[{"@type":"WebPage","@id":"https:\/\/www.valleedazergues.com\/en\/group-offers\/grenoble-et-la-bastille-2\/","url":"https:\/\/www.valleedazergues.com\/en\/group-offers\/grenoble-et-la-bastille-2\/","name":"Grenoble et la Bastille - Autocars de la Vallée d&#039;Azergues","isPartOf":{"@id":"https:\/\/www.valleedazergues.com\/en\/#website"},"primaryImageOfPage":{"@id":"https:\/\/www.valleedazergues.com\/en\/group-offers\/grenoble-et-la-bastille-2\/#primaryimage"},"image":{"@id":"https:\/\/www.valleedazergues.com\/en\/group-offers\/grenoble-et-la-bastille-2\/#primaryimage"},"thumbnailUrl":"https:\/\/www.valleedazergues.com\/wp-content\/uploads\/2025\/02\/Grenoble.jpg","datePublished":"2025-02-07T09:38:14+00:00","description":"Tour commenté de Grenoble en autocar, montée en téléphérique au site de la Bastille, visite du Musée des Troupes de Montagne","breadcrumb":{"@id":"https:\/\/www.valleedazergues.com\/en\/group-offers\/grenoble-et-la-bastille-2\/#breadcrumb"},"inLanguage":"en-GB","potentialAction":[{"@type":"ReadAction","target":["https:\/\/www.valleedazergues.com\/en\/group-offers\/grenoble-et-la-bastille-2\/"]}]},{"@type":"ImageObject","inLanguage":"en-GB","@id":"https:\/\/www.valleedazergues.com\/en\/group-offers\/grenoble-et-la-bastille-2\/#primaryimage","url":"https:\/\/www.valleedazergues.com\/wp-content\/uploads\/2025\/02\/Grenoble.jpg","contentUrl":"https:\/\/www.valleedazergues.com\/wp-content\/uploads\/2025\/02\/Grenoble.jpg","width":1280,"height":960},{"@type":"BreadcrumbList","@id":"https:\/\/www.valleedazergues.com\/en\/group-offers\/grenoble-et-la-bastille-2\/#breadcrumb","itemListElement":[{"@type":"ListItem","position":1,"name":"Accueil","item":"https:\/\/www.valleedazergues.com\/en\/"},{"@type":"ListItem","position":2,"name":"Offres de Groupes","item":"https:\/\/www.valleedazergues.com\/en\/group-offers\/"},{"@type":"ListItem","position":3,"name":"Grenoble et la Bastille"}]},{"@type":"WebSite","@id":"https:\/\/www.valleedazergues.com\/en\/#website","url":"https:\/\/www.valleedazergues.com\/en\/","name":"Autocars de la Vallée d'Azergues","description":"","publisher":{"@id":"https:\/\/www.valleedazergues.com\/en\/#organization"},"potentialAction":[{"@type":"SearchAction","target":{"@type":"EntryPoint","urlTemplate":"https:\/\/www.valleedazergues.com\/en\/?s={search_term_string}"},"query-input":{"@type":"PropertyValueSpecification","valueRequired":true,"valueName":"search_term_string"}}],"inLanguage":"en-GB"},{"@type":"Organization","@id":"https:\/\/www.valleedazergues.com\/en\/#organization","name":"Autocars Vallée d'Azergues","url":"https:\/\/www.valleedazergues.com\/en\/","logo":{"@type":"ImageObject","inLanguage":"en-GB","@id":"https:\/\/www.valleedazergues.com\/en\/#\/schema\/logo\/image\/","url":"https:\/\/www.valleedazergues.com\/wp-content\/uploads\/2021\/08\/partage-site.jpg","contentUrl":"https:\/\/www.valleedazergues.com\/wp-content\/uploads\/2021\/08\/partage-site.jpg","width":560,"height":292,"caption":"Autocars Vallée d'Azergues"},"image":{"@id":"https:\/\/www.valleedazergues.com\/en\/#\/schema\/logo\/image\/"},"sameAs":["https:\/\/www.facebook.com\/autocarsvalleedazergues\/"]}]}</script>
<!-- / Yoast SEO plugin. -->

Grenoble et la Bastille - Autocars de la Vallée d&#039;Azergues

Tour commenté de Grenoble en autocar, montée en téléphérique au site de la Bastille, visite du Musée des Troupes de Montagne

Autocars de la Vallée d&#039;Azergues

Autocars de la Vallée d'Azergues

Autocars Vallée d'Azergues
