{"id":86195,"date":"2025-02-07T10:47:17","date_gmt":"2025-02-07T09:47:17","guid":{"rendered":"https:\/\/www.valleedazergues.com\/?post_type=offres-groupe&#038;p=86195"},"modified":"2026-01-29T16:14:05","modified_gmt":"2026-01-29T15:14:05","slug":"dejeuner-dansant-a-la-terrine","status":"publish","type":"offres-groupe","link":"https:\/\/www.valleedazergues.com\/en\/group-offers\/dejeuner-dansant-a-la-terrine\/","title":{"rendered":"D\u00e9jeuner dansant \u00e0 la Terrine"},"author":2,"featured_media":86198,"template":"","class_list":["post-86195","offres-groupe","type-offres-groupe","status-publish","has-post-thumbnail","hentry"],"yoast_head":"<!-- This site is optimized with the Yoast SEO plugin v27.5 - https:\/\/yoast.com\/product\/yoast-seo-wordpress\/ -->\n<title>D\u00e9jeuner dansant \u00e0 la Terrine - Autocars de la Vall\u00e9e d&#039;Azergues<\/title>\n<meta name=\"description\" content=\"Visite du Palais Id\u00e9al du Facteur Cheval (ou promenade en train) et d\u00e9jeuner tout \u00e0 volont\u00e9 \u00e0 La Terrine avec animation dansante\" \/>\n<meta name=\"robots\" content=\"index, follow, max-snippet:-1, max-image-preview:large, max-video-preview:-1\" \/>\n<link rel=\"canonical\" href=\"https:\/\/www.valleedazergues.com\/en\/group-offers\/dejeuner-dansant-a-la-terrine\/\" \/>\n<meta property=\"og:locale\" content=\"en_GB\" \/>\n<meta property=\"og:type\" content=\"article\" \/>\n<meta property=\"og:title\" content=\"D\u00e9jeuner dansant \u00e0 la Terrine - Autocars de la Vall\u00e9e d&#039;Azergues\" \/>\n<meta property=\"og:description\" content=\"Visite du Palais Id\u00e9al du Facteur Cheval (ou promenade en train) et d\u00e9jeuner tout \u00e0 volont\u00e9 \u00e0 La Terrine avec animation dansante\" \/>\n<meta property=\"og:url\" content=\"https:\/\/www.valleedazergues.com\/en\/group-offers\/dejeuner-dansant-a-la-terrine\/\" \/>\n<meta property=\"og:site_name\" content=\"Autocars de la Vall\u00e9e d&#039;Azergues\" \/>\n<meta property=\"article:publisher\" content=\"https:\/\/www.facebook.com\/autocarsvalleedazergues\/\" \/>\n<meta property=\"article:modified_time\" content=\"2026-01-29T15:14:05+00:00\" \/>\n<meta property=\"og:image\" content=\"https:\/\/www.valleedazergues.com\/wp-content\/uploads\/2025\/02\/Palais-ideal-Hauterives-1.jpg\" \/>\n\t<meta property=\"og:image:width\" content=\"1920\" \/>\n\t<meta property=\"og:image:height\" content=\"1282\" \/>\n\t<meta property=\"og:image:type\" content=\"image\/jpeg\" \/>\n<meta name=\"twitter:card\" content=\"summary_large_image\" \/>\n<meta name=\"twitter:label1\" content=\"Estimated reading time\" \/>\n\t<meta name=\"twitter:data1\" content=\"1 minute\" \/>\n<script type=\"application\/ld+json\" class=\"yoast-schema-graph\">{\"@context\":\"https:\\\/\\\/schema.org\",\"@graph\":[{\"@type\":\"WebPage\",\"@id\":\"https:\\\/\\\/www.valleedazergues.com\\\/en\\\/group-offers\\\/dejeuner-dansant-a-la-terrine\\\/\",\"url\":\"https:\\\/\\\/www.valleedazergues.com\\\/en\\\/group-offers\\\/dejeuner-dansant-a-la-terrine\\\/\",\"name\":\"D\u00e9jeuner dansant \u00e0 la Terrine - Autocars de la Vall\u00e9e d&#039;Azergues\",\"isPartOf\":{\"@id\":\"https:\\\/\\\/www.valleedazergues.com\\\/en\\\/#website\"},\"primaryImageOfPage\":{\"@id\":\"https:\\\/\\\/www.valleedazergues.com\\\/en\\\/group-offers\\\/dejeuner-dansant-a-la-terrine\\\/#primaryimage\"},\"image\":{\"@id\":\"https:\\\/\\\/www.valleedazergues.com\\\/en\\\/group-offers\\\/dejeuner-dansant-a-la-terrine\\\/#primaryimage\"},\"thumbnailUrl\":\"https:\\\/\\\/www.valleedazergues.com\\\/wp-content\\\/uploads\\\/2025\\\/02\\\/Palais-ideal-Hauterives-1.jpg\",\"datePublished\":\"2025-02-07T09:47:17+00:00\",\"dateModified\":\"2026-01-29T15:14:05+00:00\",\"description\":\"Visite du Palais Id\u00e9al du Facteur Cheval (ou promenade en train) et d\u00e9jeuner tout \u00e0 volont\u00e9 \u00e0 La Terrine avec animation dansante\",\"breadcrumb\":{\"@id\":\"https:\\\/\\\/www.valleedazergues.com\\\/en\\\/group-offers\\\/dejeuner-dansant-a-la-terrine\\\/#breadcrumb\"},\"inLanguage\":\"en-GB\",\"potentialAction\":[{\"@type\":\"ReadAction\",\"target\":[\"https:\\\/\\\/www.valleedazergues.com\\\/en\\\/group-offers\\\/dejeuner-dansant-a-la-terrine\\\/\"]}]},{\"@type\":\"ImageObject\",\"inLanguage\":\"en-GB\",\"@id\":\"https:\\\/\\\/www.valleedazergues.com\\\/en\\\/group-offers\\\/dejeuner-dansant-a-la-terrine\\\/#primaryimage\",\"url\":\"https:\\\/\\\/www.valleedazergues.com\\\/wp-content\\\/uploads\\\/2025\\\/02\\\/Palais-ideal-Hauterives-1.jpg\",\"contentUrl\":\"https:\\\/\\\/www.valleedazergues.com\\\/wp-content\\\/uploads\\\/2025\\\/02\\\/Palais-ideal-Hauterives-1.jpg\",\"width\":1920,\"height\":1282},{\"@type\":\"BreadcrumbList\",\"@id\":\"https:\\\/\\\/www.valleedazergues.com\\\/en\\\/group-offers\\\/dejeuner-dansant-a-la-terrine\\\/#breadcrumb\",\"itemListElement\":[{\"@type\":\"ListItem\",\"position\":1,\"name\":\"Accueil\",\"item\":\"https:\\\/\\\/www.valleedazergues.com\\\/en\\\/\"},{\"@type\":\"ListItem\",\"position\":2,\"name\":\"Offres de Groupes\",\"item\":\"https:\\\/\\\/www.valleedazergues.com\\\/en\\\/group-offers\\\/\"},{\"@type\":\"ListItem\",\"position\":3,\"name\":\"D\u00e9jeuner dansant \u00e0 la Terrine\"}]},{\"@type\":\"WebSite\",\"@id\":\"https:\\\/\\\/www.valleedazergues.com\\\/en\\\/#website\",\"url\":\"https:\\\/\\\/www.valleedazergues.com\\\/en\\\/\",\"name\":\"Autocars de la Vall\u00e9e d'Azergues\",\"description\":\"\",\"publisher\":{\"@id\":\"https:\\\/\\\/www.valleedazergues.com\\\/en\\\/#organization\"},\"potentialAction\":[{\"@type\":\"SearchAction\",\"target\":{\"@type\":\"EntryPoint\",\"urlTemplate\":\"https:\\\/\\\/www.valleedazergues.com\\\/en\\\/?s={search_term_string}\"},\"query-input\":{\"@type\":\"PropertyValueSpecification\",\"valueRequired\":true,\"valueName\":\"search_term_string\"}}],\"inLanguage\":\"en-GB\"},{\"@type\":\"Organization\",\"@id\":\"https:\\\/\\\/www.valleedazergues.com\\\/en\\\/#organization\",\"name\":\"Autocars Vall\u00e9e d'Azergues\",\"url\":\"https:\\\/\\\/www.valleedazergues.com\\\/en\\\/\",\"logo\":{\"@type\":\"ImageObject\",\"inLanguage\":\"en-GB\",\"@id\":\"https:\\\/\\\/www.valleedazergues.com\\\/en\\\/#\\\/schema\\\/logo\\\/image\\\/\",\"url\":\"https:\\\/\\\/www.valleedazergues.com\\\/wp-content\\\/uploads\\\/2021\\\/08\\\/partage-site.jpg\",\"contentUrl\":\"https:\\\/\\\/www.valleedazergues.com\\\/wp-content\\\/uploads\\\/2021\\\/08\\\/partage-site.jpg\",\"width\":560,\"height\":292,\"caption\":\"Autocars Vall\u00e9e d'Azergues\"},\"image\":{\"@id\":\"https:\\\/\\\/www.valleedazergues.com\\\/en\\\/#\\\/schema\\\/logo\\\/image\\\/\"},\"sameAs\":[\"https:\\\/\\\/www.facebook.com\\\/autocarsvalleedazergues\\\/\"]}]}<\/script>\n<!-- \/ Yoast SEO plugin. -->","yoast_head_json":{"title":"D\u00e9jeuner dansant \u00e0 la Terrine - Autocars de la Vall\u00e9e d&#039;Azergues","description":"Visite du Palais Id\u00e9al du Facteur Cheval (ou promenade en train) et d\u00e9jeuner tout \u00e0 volont\u00e9 \u00e0 La Terrine avec animation dansante","robots":{"index":"index","follow":"follow","max-snippet":"max-snippet:-1","max-image-preview":"max-image-preview:large","max-video-preview":"max-video-preview:-1"},"canonical":"https:\/\/www.valleedazergues.com\/en\/group-offers\/dejeuner-dansant-a-la-terrine\/","og_locale":"en_GB","og_type":"article","og_title":"D\u00e9jeuner dansant \u00e0 la Terrine - Autocars de la Vall\u00e9e d&#039;Azergues","og_description":"Visite du Palais Id\u00e9al du Facteur Cheval (ou promenade en train) et d\u00e9jeuner tout \u00e0 volont\u00e9 \u00e0 La Terrine avec animation dansante","og_url":"https:\/\/www.valleedazergues.com\/en\/group-offers\/dejeuner-dansant-a-la-terrine\/","og_site_name":"Autocars de la Vall\u00e9e d&#039;Azergues","article_publisher":"https:\/\/www.facebook.com\/autocarsvalleedazergues\/","article_modified_time":"2026-01-29T15:14:05+00:00","og_image":[{"width":1920,"height":1282,"url":"https:\/\/www.valleedazergues.com\/wp-content\/uploads\/2025\/02\/Palais-ideal-Hauterives-1.jpg","type":"image\/jpeg"}],"twitter_card":"summary_large_image","twitter_misc":{"Estimated reading time":"1 minute"},"schema":{"@context":"https:\/\/schema.org","@graph":[{"@type":"WebPage","@id":"https:\/\/www.valleedazergues.com\/en\/group-offers\/dejeuner-dansant-a-la-terrine\/","url":"https:\/\/www.valleedazergues.com\/en\/group-offers\/dejeuner-dansant-a-la-terrine\/","name":"D\u00e9jeuner dansant \u00e0 la Terrine - Autocars de la Vall\u00e9e d&#039;Azergues","isPartOf":{"@id":"https:\/\/www.valleedazergues.com\/en\/#website"},"primaryImageOfPage":{"@id":"https:\/\/www.valleedazergues.com\/en\/group-offers\/dejeuner-dansant-a-la-terrine\/#primaryimage"},"image":{"@id":"https:\/\/www.valleedazergues.com\/en\/group-offers\/dejeuner-dansant-a-la-terrine\/#primaryimage"},"thumbnailUrl":"https:\/\/www.valleedazergues.com\/wp-content\/uploads\/2025\/02\/Palais-ideal-Hauterives-1.jpg","datePublished":"2025-02-07T09:47:17+00:00","dateModified":"2026-01-29T15:14:05+00:00","description":"Visite du Palais Id\u00e9al du Facteur Cheval (ou promenade en train) et d\u00e9jeuner tout \u00e0 volont\u00e9 \u00e0 La Terrine avec animation dansante","breadcrumb":{"@id":"https:\/\/www.valleedazergues.com\/en\/group-offers\/dejeuner-dansant-a-la-terrine\/#breadcrumb"},"inLanguage":"en-GB","potentialAction":[{"@type":"ReadAction","target":["https:\/\/www.valleedazergues.com\/en\/group-offers\/dejeuner-dansant-a-la-terrine\/"]}]},{"@type":"ImageObject","inLanguage":"en-GB","@id":"https:\/\/www.valleedazergues.com\/en\/group-offers\/dejeuner-dansant-a-la-terrine\/#primaryimage","url":"https:\/\/www.valleedazergues.com\/wp-content\/uploads\/2025\/02\/Palais-ideal-Hauterives-1.jpg","contentUrl":"https:\/\/www.valleedazergues.com\/wp-content\/uploads\/2025\/02\/Palais-ideal-Hauterives-1.jpg","width":1920,"height":1282},{"@type":"BreadcrumbList","@id":"https:\/\/www.valleedazergues.com\/en\/group-offers\/dejeuner-dansant-a-la-terrine\/#breadcrumb","itemListElement":[{"@type":"ListItem","position":1,"name":"Accueil","item":"https:\/\/www.valleedazergues.com\/en\/"},{"@type":"ListItem","position":2,"name":"Offres de Groupes","item":"https:\/\/www.valleedazergues.com\/en\/group-offers\/"},{"@type":"ListItem","position":3,"name":"D\u00e9jeuner dansant \u00e0 la Terrine"}]},{"@type":"WebSite","@id":"https:\/\/www.valleedazergues.com\/en\/#website","url":"https:\/\/www.valleedazergues.com\/en\/","name":"Autocars de la Vall\u00e9e d'Azergues","description":"","publisher":{"@id":"https:\/\/www.valleedazergues.com\/en\/#organization"},"potentialAction":[{"@type":"SearchAction","target":{"@type":"EntryPoint","urlTemplate":"https:\/\/www.valleedazergues.com\/en\/?s={search_term_string}"},"query-input":{"@type":"PropertyValueSpecification","valueRequired":true,"valueName":"search_term_string"}}],"inLanguage":"en-GB"},{"@type":"Organization","@id":"https:\/\/www.valleedazergues.com\/en\/#organization","name":"Autocars Vall\u00e9e d'Azergues","url":"https:\/\/www.valleedazergues.com\/en\/","logo":{"@type":"ImageObject","inLanguage":"en-GB","@id":"https:\/\/www.valleedazergues.com\/en\/#\/schema\/logo\/image\/","url":"https:\/\/www.valleedazergues.com\/wp-content\/uploads\/2021\/08\/partage-site.jpg","contentUrl":"https:\/\/www.valleedazergues.com\/wp-content\/uploads\/2021\/08\/partage-site.jpg","width":560,"height":292,"caption":"Autocars Vall\u00e9e d'Azergues"},"image":{"@id":"https:\/\/www.valleedazergues.com\/en\/#\/schema\/logo\/image\/"},"sameAs":["https:\/\/www.facebook.com\/autocarsvalleedazergues\/"]}]}},"featured_img":"https:\/\/www.valleedazergues.com\/wp-content\/uploads\/2025\/02\/Palais-ideal-Hauterives-1.jpg","coauthors":[],"author_meta":{"author_link":"https:\/\/www.valleedazergues.com\/en\/author\/autocarsvda\/","display_name":"autocarsVDA"},"relative_dates":{"created":"Posted 1 year ago","modified":"Updated 3 months ago"},"absolute_dates":{"created":"Posted on 7 February 2025","modified":"Updated on 29 January 2026"},"absolute_dates_time":{"created":"Posted on 7 February 2025 10:47","modified":"Updated on 29 January 2026 16:14"},"featured_img_caption":"","tax_additional":[],"series_order":"","_links":{"self":[{"href":"https:\/\/www.valleedazergues.com\/en\/wp-json\/wp\/v2\/offres-groupe\/86195","targetHints":{"allow":["GET"]}}],"collection":[{"href":"https:\/\/www.valleedazergues.com\/en\/wp-json\/wp\/v2\/offres-groupe"}],"about":[{"href":"https:\/\/www.valleedazergues.com\/en\/wp-json\/wp\/v2\/types\/offres-groupe"}],"wp:featuredmedia":[{"embeddable":true,"href":"https:\/\/www.valleedazergues.com\/en\/wp-json\/wp\/v2\/media\/86198"}],"wp:attachment":[{"href":"https:\/\/www.valleedazergues.com\/en\/wp-json\/wp\/v2\/media?parent=86195"}],"curies":[{"name":"wp","href":"https:\/\/api.w.org\/{rel}","templated":true}]}}

Déjeuner dansant à la Terrine

<!-- This site is optimized with the Yoast SEO plugin v27.5 - https://yoast.com/product/yoast-seo-wordpress/ -->
<title>Déjeuner dansant à la Terrine - Autocars de la Vallée d&#039;Azergues</title>
<meta name="description" content="Visite du Palais Idéal du Facteur Cheval (ou promenade en train) et déjeuner tout à volonté à La Terrine avec animation dansante" />
<meta name="robots" content="index, follow, max-snippet:-1, max-image-preview:large, max-video-preview:-1" />
<link rel="canonical" href="https://www.valleedazergues.com/en/group-offers/dejeuner-dansant-a-la-terrine/" />
<meta property="og:locale" content="en_GB" />
<meta property="og:type" content="article" />
<meta property="og:title" content="Déjeuner dansant à la Terrine - Autocars de la Vallée d&#039;Azergues" />
<meta property="og:description" content="Visite du Palais Idéal du Facteur Cheval (ou promenade en train) et déjeuner tout à volonté à La Terrine avec animation dansante" />
<meta property="og:url" content="https://www.valleedazergues.com/en/group-offers/dejeuner-dansant-a-la-terrine/" />
<meta property="og:site_name" content="Autocars de la Vallée d&#039;Azergues" />
<meta property="article:publisher" content="https://www.facebook.com/autocarsvalleedazergues/" />
<meta property="article:modified_time" content="2026-01-29T15:14:05+00:00" />
<meta property="og:image" content="https://www.valleedazergues.com/wp-content/uploads/2025/02/Palais-ideal-Hauterives-1.jpg" />
	<meta property="og:image:width" content="1920" />
	<meta property="og:image:height" content="1282" />
	<meta property="og:image:type" content="image/jpeg" />
<meta name="twitter:card" content="summary_large_image" />
<meta name="twitter:label1" content="Estimated reading time" />
	<meta name="twitter:data1" content="1 minute" />
<script type="application/ld+json" class="yoast-schema-graph">{"@context":"https:\/\/schema.org","@graph":[{"@type":"WebPage","@id":"https:\/\/www.valleedazergues.com\/en\/group-offers\/dejeuner-dansant-a-la-terrine\/","url":"https:\/\/www.valleedazergues.com\/en\/group-offers\/dejeuner-dansant-a-la-terrine\/","name":"Déjeuner dansant à la Terrine - Autocars de la Vallée d&#039;Azergues","isPartOf":{"@id":"https:\/\/www.valleedazergues.com\/en\/#website"},"primaryImageOfPage":{"@id":"https:\/\/www.valleedazergues.com\/en\/group-offers\/dejeuner-dansant-a-la-terrine\/#primaryimage"},"image":{"@id":"https:\/\/www.valleedazergues.com\/en\/group-offers\/dejeuner-dansant-a-la-terrine\/#primaryimage"},"thumbnailUrl":"https:\/\/www.valleedazergues.com\/wp-content\/uploads\/2025\/02\/Palais-ideal-Hauterives-1.jpg","datePublished":"2025-02-07T09:47:17+00:00","dateModified":"2026-01-29T15:14:05+00:00","description":"Visite du Palais Idéal du Facteur Cheval (ou promenade en train) et déjeuner tout à volonté à La Terrine avec animation dansante","breadcrumb":{"@id":"https:\/\/www.valleedazergues.com\/en\/group-offers\/dejeuner-dansant-a-la-terrine\/#breadcrumb"},"inLanguage":"en-GB","potentialAction":[{"@type":"ReadAction","target":["https:\/\/www.valleedazergues.com\/en\/group-offers\/dejeuner-dansant-a-la-terrine\/"]}]},{"@type":"ImageObject","inLanguage":"en-GB","@id":"https:\/\/www.valleedazergues.com\/en\/group-offers\/dejeuner-dansant-a-la-terrine\/#primaryimage","url":"https:\/\/www.valleedazergues.com\/wp-content\/uploads\/2025\/02\/Palais-ideal-Hauterives-1.jpg","contentUrl":"https:\/\/www.valleedazergues.com\/wp-content\/uploads\/2025\/02\/Palais-ideal-Hauterives-1.jpg","width":1920,"height":1282},{"@type":"BreadcrumbList","@id":"https:\/\/www.valleedazergues.com\/en\/group-offers\/dejeuner-dansant-a-la-terrine\/#breadcrumb","itemListElement":[{"@type":"ListItem","position":1,"name":"Accueil","item":"https:\/\/www.valleedazergues.com\/en\/"},{"@type":"ListItem","position":2,"name":"Offres de Groupes","item":"https:\/\/www.valleedazergues.com\/en\/group-offers\/"},{"@type":"ListItem","position":3,"name":"Déjeuner dansant à la Terrine"}]},{"@type":"WebSite","@id":"https:\/\/www.valleedazergues.com\/en\/#website","url":"https:\/\/www.valleedazergues.com\/en\/","name":"Autocars de la Vallée d'Azergues","description":"","publisher":{"@id":"https:\/\/www.valleedazergues.com\/en\/#organization"},"potentialAction":[{"@type":"SearchAction","target":{"@type":"EntryPoint","urlTemplate":"https:\/\/www.valleedazergues.com\/en\/?s={search_term_string}"},"query-input":{"@type":"PropertyValueSpecification","valueRequired":true,"valueName":"search_term_string"}}],"inLanguage":"en-GB"},{"@type":"Organization","@id":"https:\/\/www.valleedazergues.com\/en\/#organization","name":"Autocars Vallée d'Azergues","url":"https:\/\/www.valleedazergues.com\/en\/","logo":{"@type":"ImageObject","inLanguage":"en-GB","@id":"https:\/\/www.valleedazergues.com\/en\/#\/schema\/logo\/image\/","url":"https:\/\/www.valleedazergues.com\/wp-content\/uploads\/2021\/08\/partage-site.jpg","contentUrl":"https:\/\/www.valleedazergues.com\/wp-content\/uploads\/2021\/08\/partage-site.jpg","width":560,"height":292,"caption":"Autocars Vallée d'Azergues"},"image":{"@id":"https:\/\/www.valleedazergues.com\/en\/#\/schema\/logo\/image\/"},"sameAs":["https:\/\/www.facebook.com\/autocarsvalleedazergues\/"]}]}</script>
<!-- / Yoast SEO plugin. -->

Déjeuner dansant à la Terrine - Autocars de la Vallée d&#039;Azergues

Visite du Palais Idéal du Facteur Cheval (ou promenade en train) et déjeuner tout à volonté à La Terrine avec animation dansante

Autocars de la Vallée d&#039;Azergues

Autocars de la Vallée d'Azergues

Autocars Vallée d'Azergues
