{"id":3369,"date":"2021-07-21T13:00:13","date_gmt":"2021-07-21T11:00:13","guid":{"rendered":"https:\/\/www.valleedazergues.com\/?post_type=offres-individuels&#038;p=3369"},"modified":"2023-11-01T09:14:45","modified_gmt":"2023-11-01T08:14:45","slug":"le-plus-grand-cabaret-du-monde-de-patrick-sebastien","status":"publish","type":"offres-individuels","link":"https:\/\/www.valleedazergues.com\/en\/individual-offers\/le-plus-grand-cabaret-du-monde-de-patrick-sebastien\/","title":{"rendered":"Le Plus Grand Cabaret du monde de Patrick S\u00e9bastien"},"author":1,"featured_media":3370,"template":"","class_list":["post-3369","offres-individuels","type-offres-individuels","status-publish","has-post-thumbnail","hentry"],"yoast_head":"<!-- This site is optimized with the Yoast SEO plugin v27.5 - https:\/\/yoast.com\/product\/yoast-seo-wordpress\/ -->\n<title>Le Plus Grand Cabaret du monde de Patrick S\u00e9bastien - Autocars de la Vall\u00e9e d&#039;Azergues<\/title>\n<meta name=\"description\" content=\"place assise en gradin lat\u00e9ral cat\u00e9gorie 1\" \/>\n<meta name=\"robots\" content=\"index, follow, max-snippet:-1, max-image-preview:large, max-video-preview:-1\" \/>\n<link rel=\"canonical\" href=\"https:\/\/www.valleedazergues.com\/en\/individual-offers\/le-plus-grand-cabaret-du-monde-de-patrick-sebastien\/\" \/>\n<meta property=\"og:locale\" content=\"en_GB\" \/>\n<meta property=\"og:type\" content=\"article\" \/>\n<meta property=\"og:title\" content=\"Le Plus Grand Cabaret du monde de Patrick S\u00e9bastien - Autocars de la Vall\u00e9e d&#039;Azergues\" \/>\n<meta property=\"og:description\" content=\"place assise en gradin lat\u00e9ral cat\u00e9gorie 1\" \/>\n<meta property=\"og:url\" content=\"https:\/\/www.valleedazergues.com\/en\/individual-offers\/le-plus-grand-cabaret-du-monde-de-patrick-sebastien\/\" \/>\n<meta property=\"og:site_name\" content=\"Autocars de la Vall\u00e9e d&#039;Azergues\" \/>\n<meta property=\"article:publisher\" content=\"https:\/\/www.facebook.com\/autocarsvalleedazergues\/\" \/>\n<meta property=\"article:modified_time\" content=\"2023-11-01T08:14:45+00:00\" \/>\n<meta property=\"og:image\" content=\"https:\/\/www.valleedazergues.com\/wp-content\/uploads\/2021\/07\/Le-Plus-Grand-Cabaret-du-monde-de-Patrick-Sebastien.jpg\" \/>\n\t<meta property=\"og:image:width\" content=\"1000\" \/>\n\t<meta property=\"og:image:height\" content=\"716\" \/>\n\t<meta property=\"og:image:type\" content=\"image\/jpeg\" \/>\n<meta name=\"twitter:card\" content=\"summary_large_image\" \/>\n<script type=\"application\/ld+json\" class=\"yoast-schema-graph\">{\"@context\":\"https:\\\/\\\/schema.org\",\"@graph\":[{\"@type\":\"WebPage\",\"@id\":\"https:\\\/\\\/www.valleedazergues.com\\\/en\\\/individual-offers\\\/le-plus-grand-cabaret-du-monde-de-patrick-sebastien\\\/\",\"url\":\"https:\\\/\\\/www.valleedazergues.com\\\/en\\\/individual-offers\\\/le-plus-grand-cabaret-du-monde-de-patrick-sebastien\\\/\",\"name\":\"Le Plus Grand Cabaret du monde de Patrick S\u00e9bastien - Autocars de la Vall\u00e9e d&#039;Azergues\",\"isPartOf\":{\"@id\":\"https:\\\/\\\/www.valleedazergues.com\\\/en\\\/#website\"},\"primaryImageOfPage\":{\"@id\":\"https:\\\/\\\/www.valleedazergues.com\\\/en\\\/individual-offers\\\/le-plus-grand-cabaret-du-monde-de-patrick-sebastien\\\/#primaryimage\"},\"image\":{\"@id\":\"https:\\\/\\\/www.valleedazergues.com\\\/en\\\/individual-offers\\\/le-plus-grand-cabaret-du-monde-de-patrick-sebastien\\\/#primaryimage\"},\"thumbnailUrl\":\"https:\\\/\\\/www.valleedazergues.com\\\/wp-content\\\/uploads\\\/2021\\\/07\\\/Le-Plus-Grand-Cabaret-du-monde-de-Patrick-Sebastien.jpg\",\"datePublished\":\"2021-07-21T11:00:13+00:00\",\"dateModified\":\"2023-11-01T08:14:45+00:00\",\"description\":\"place assise en gradin lat\u00e9ral cat\u00e9gorie 1\",\"breadcrumb\":{\"@id\":\"https:\\\/\\\/www.valleedazergues.com\\\/en\\\/individual-offers\\\/le-plus-grand-cabaret-du-monde-de-patrick-sebastien\\\/#breadcrumb\"},\"inLanguage\":\"en-GB\",\"potentialAction\":[{\"@type\":\"ReadAction\",\"target\":[\"https:\\\/\\\/www.valleedazergues.com\\\/en\\\/individual-offers\\\/le-plus-grand-cabaret-du-monde-de-patrick-sebastien\\\/\"]}]},{\"@type\":\"ImageObject\",\"inLanguage\":\"en-GB\",\"@id\":\"https:\\\/\\\/www.valleedazergues.com\\\/en\\\/individual-offers\\\/le-plus-grand-cabaret-du-monde-de-patrick-sebastien\\\/#primaryimage\",\"url\":\"https:\\\/\\\/www.valleedazergues.com\\\/wp-content\\\/uploads\\\/2021\\\/07\\\/Le-Plus-Grand-Cabaret-du-monde-de-Patrick-Sebastien.jpg\",\"contentUrl\":\"https:\\\/\\\/www.valleedazergues.com\\\/wp-content\\\/uploads\\\/2021\\\/07\\\/Le-Plus-Grand-Cabaret-du-monde-de-Patrick-Sebastien.jpg\",\"width\":1000,\"height\":716,\"caption\":\"Le Plus Grand Cabaret du monde de Patrick S\u00e9bastien\"},{\"@type\":\"BreadcrumbList\",\"@id\":\"https:\\\/\\\/www.valleedazergues.com\\\/en\\\/individual-offers\\\/le-plus-grand-cabaret-du-monde-de-patrick-sebastien\\\/#breadcrumb\",\"itemListElement\":[{\"@type\":\"ListItem\",\"position\":1,\"name\":\"Accueil\",\"item\":\"https:\\\/\\\/www.valleedazergues.com\\\/en\\\/\"},{\"@type\":\"ListItem\",\"position\":2,\"name\":\"Offres Individuels\",\"item\":\"https:\\\/\\\/www.valleedazergues.com\\\/en\\\/individual-offers\\\/\"},{\"@type\":\"ListItem\",\"position\":3,\"name\":\"Le Plus Grand Cabaret du monde de Patrick S\u00e9bastien\"}]},{\"@type\":\"WebSite\",\"@id\":\"https:\\\/\\\/www.valleedazergues.com\\\/en\\\/#website\",\"url\":\"https:\\\/\\\/www.valleedazergues.com\\\/en\\\/\",\"name\":\"Autocars de la Vall\u00e9e d'Azergues\",\"description\":\"\",\"publisher\":{\"@id\":\"https:\\\/\\\/www.valleedazergues.com\\\/en\\\/#organization\"},\"potentialAction\":[{\"@type\":\"SearchAction\",\"target\":{\"@type\":\"EntryPoint\",\"urlTemplate\":\"https:\\\/\\\/www.valleedazergues.com\\\/en\\\/?s={search_term_string}\"},\"query-input\":{\"@type\":\"PropertyValueSpecification\",\"valueRequired\":true,\"valueName\":\"search_term_string\"}}],\"inLanguage\":\"en-GB\"},{\"@type\":\"Organization\",\"@id\":\"https:\\\/\\\/www.valleedazergues.com\\\/en\\\/#organization\",\"name\":\"Autocars Vall\u00e9e d'Azergues\",\"url\":\"https:\\\/\\\/www.valleedazergues.com\\\/en\\\/\",\"logo\":{\"@type\":\"ImageObject\",\"inLanguage\":\"en-GB\",\"@id\":\"https:\\\/\\\/www.valleedazergues.com\\\/en\\\/#\\\/schema\\\/logo\\\/image\\\/\",\"url\":\"https:\\\/\\\/www.valleedazergues.com\\\/wp-content\\\/uploads\\\/2021\\\/08\\\/partage-site.jpg\",\"contentUrl\":\"https:\\\/\\\/www.valleedazergues.com\\\/wp-content\\\/uploads\\\/2021\\\/08\\\/partage-site.jpg\",\"width\":560,\"height\":292,\"caption\":\"Autocars Vall\u00e9e d'Azergues\"},\"image\":{\"@id\":\"https:\\\/\\\/www.valleedazergues.com\\\/en\\\/#\\\/schema\\\/logo\\\/image\\\/\"},\"sameAs\":[\"https:\\\/\\\/www.facebook.com\\\/autocarsvalleedazergues\\\/\"]}]}<\/script>\n<!-- \/ Yoast SEO plugin. -->","yoast_head_json":{"title":"Le Plus Grand Cabaret du monde de Patrick S\u00e9bastien - Autocars de la Vall\u00e9e d&#039;Azergues","description":"place assise en gradin lat\u00e9ral cat\u00e9gorie 1","robots":{"index":"index","follow":"follow","max-snippet":"max-snippet:-1","max-image-preview":"max-image-preview:large","max-video-preview":"max-video-preview:-1"},"canonical":"https:\/\/www.valleedazergues.com\/en\/individual-offers\/le-plus-grand-cabaret-du-monde-de-patrick-sebastien\/","og_locale":"en_GB","og_type":"article","og_title":"Le Plus Grand Cabaret du monde de Patrick S\u00e9bastien - Autocars de la Vall\u00e9e d&#039;Azergues","og_description":"place assise en gradin lat\u00e9ral cat\u00e9gorie 1","og_url":"https:\/\/www.valleedazergues.com\/en\/individual-offers\/le-plus-grand-cabaret-du-monde-de-patrick-sebastien\/","og_site_name":"Autocars de la Vall\u00e9e d&#039;Azergues","article_publisher":"https:\/\/www.facebook.com\/autocarsvalleedazergues\/","article_modified_time":"2023-11-01T08:14:45+00:00","og_image":[{"width":1000,"height":716,"url":"https:\/\/www.valleedazergues.com\/wp-content\/uploads\/2021\/07\/Le-Plus-Grand-Cabaret-du-monde-de-Patrick-Sebastien.jpg","type":"image\/jpeg"}],"twitter_card":"summary_large_image","schema":{"@context":"https:\/\/schema.org","@graph":[{"@type":"WebPage","@id":"https:\/\/www.valleedazergues.com\/en\/individual-offers\/le-plus-grand-cabaret-du-monde-de-patrick-sebastien\/","url":"https:\/\/www.valleedazergues.com\/en\/individual-offers\/le-plus-grand-cabaret-du-monde-de-patrick-sebastien\/","name":"Le Plus Grand Cabaret du monde de Patrick S\u00e9bastien - Autocars de la Vall\u00e9e d&#039;Azergues","isPartOf":{"@id":"https:\/\/www.valleedazergues.com\/en\/#website"},"primaryImageOfPage":{"@id":"https:\/\/www.valleedazergues.com\/en\/individual-offers\/le-plus-grand-cabaret-du-monde-de-patrick-sebastien\/#primaryimage"},"image":{"@id":"https:\/\/www.valleedazergues.com\/en\/individual-offers\/le-plus-grand-cabaret-du-monde-de-patrick-sebastien\/#primaryimage"},"thumbnailUrl":"https:\/\/www.valleedazergues.com\/wp-content\/uploads\/2021\/07\/Le-Plus-Grand-Cabaret-du-monde-de-Patrick-Sebastien.jpg","datePublished":"2021-07-21T11:00:13+00:00","dateModified":"2023-11-01T08:14:45+00:00","description":"place assise en gradin lat\u00e9ral cat\u00e9gorie 1","breadcrumb":{"@id":"https:\/\/www.valleedazergues.com\/en\/individual-offers\/le-plus-grand-cabaret-du-monde-de-patrick-sebastien\/#breadcrumb"},"inLanguage":"en-GB","potentialAction":[{"@type":"ReadAction","target":["https:\/\/www.valleedazergues.com\/en\/individual-offers\/le-plus-grand-cabaret-du-monde-de-patrick-sebastien\/"]}]},{"@type":"ImageObject","inLanguage":"en-GB","@id":"https:\/\/www.valleedazergues.com\/en\/individual-offers\/le-plus-grand-cabaret-du-monde-de-patrick-sebastien\/#primaryimage","url":"https:\/\/www.valleedazergues.com\/wp-content\/uploads\/2021\/07\/Le-Plus-Grand-Cabaret-du-monde-de-Patrick-Sebastien.jpg","contentUrl":"https:\/\/www.valleedazergues.com\/wp-content\/uploads\/2021\/07\/Le-Plus-Grand-Cabaret-du-monde-de-Patrick-Sebastien.jpg","width":1000,"height":716,"caption":"Le Plus Grand Cabaret du monde de Patrick S\u00e9bastien"},{"@type":"BreadcrumbList","@id":"https:\/\/www.valleedazergues.com\/en\/individual-offers\/le-plus-grand-cabaret-du-monde-de-patrick-sebastien\/#breadcrumb","itemListElement":[{"@type":"ListItem","position":1,"name":"Accueil","item":"https:\/\/www.valleedazergues.com\/en\/"},{"@type":"ListItem","position":2,"name":"Offres Individuels","item":"https:\/\/www.valleedazergues.com\/en\/individual-offers\/"},{"@type":"ListItem","position":3,"name":"Le Plus Grand Cabaret du monde de Patrick S\u00e9bastien"}]},{"@type":"WebSite","@id":"https:\/\/www.valleedazergues.com\/en\/#website","url":"https:\/\/www.valleedazergues.com\/en\/","name":"Autocars de la Vall\u00e9e d'Azergues","description":"","publisher":{"@id":"https:\/\/www.valleedazergues.com\/en\/#organization"},"potentialAction":[{"@type":"SearchAction","target":{"@type":"EntryPoint","urlTemplate":"https:\/\/www.valleedazergues.com\/en\/?s={search_term_string}"},"query-input":{"@type":"PropertyValueSpecification","valueRequired":true,"valueName":"search_term_string"}}],"inLanguage":"en-GB"},{"@type":"Organization","@id":"https:\/\/www.valleedazergues.com\/en\/#organization","name":"Autocars Vall\u00e9e d'Azergues","url":"https:\/\/www.valleedazergues.com\/en\/","logo":{"@type":"ImageObject","inLanguage":"en-GB","@id":"https:\/\/www.valleedazergues.com\/en\/#\/schema\/logo\/image\/","url":"https:\/\/www.valleedazergues.com\/wp-content\/uploads\/2021\/08\/partage-site.jpg","contentUrl":"https:\/\/www.valleedazergues.com\/wp-content\/uploads\/2021\/08\/partage-site.jpg","width":560,"height":292,"caption":"Autocars Vall\u00e9e d'Azergues"},"image":{"@id":"https:\/\/www.valleedazergues.com\/en\/#\/schema\/logo\/image\/"},"sameAs":["https:\/\/www.facebook.com\/autocarsvalleedazergues\/"]}]}},"featured_img":"https:\/\/www.valleedazergues.com\/wp-content\/uploads\/2021\/07\/Le-Plus-Grand-Cabaret-du-monde-de-Patrick-Sebastien.jpg","coauthors":[],"author_meta":{"author_link":"https:\/\/www.valleedazergues.com\/en\/author\/pmpconcept\/","display_name":"pmpconcept"},"relative_dates":{"created":"Posted 5 years ago","modified":"Updated 2 years ago"},"absolute_dates":{"created":"Posted on 21 July 2021","modified":"Updated on 1 November 2023"},"absolute_dates_time":{"created":"Posted on 21 July 2021 13:00","modified":"Updated on 1 November 2023 09:14"},"featured_img_caption":"","tax_additional":[],"series_order":"","_links":{"self":[{"href":"https:\/\/www.valleedazergues.com\/en\/wp-json\/wp\/v2\/offres-individuels\/3369","targetHints":{"allow":["GET"]}}],"collection":[{"href":"https:\/\/www.valleedazergues.com\/en\/wp-json\/wp\/v2\/offres-individuels"}],"about":[{"href":"https:\/\/www.valleedazergues.com\/en\/wp-json\/wp\/v2\/types\/offres-individuels"}],"wp:featuredmedia":[{"embeddable":true,"href":"https:\/\/www.valleedazergues.com\/en\/wp-json\/wp\/v2\/media\/3370"}],"wp:attachment":[{"href":"https:\/\/www.valleedazergues.com\/en\/wp-json\/wp\/v2\/media?parent=3369"}],"curies":[{"name":"wp","href":"https:\/\/api.w.org\/{rel}","templated":true}]}}

Le Plus Grand Cabaret du monde de Patrick Sébastien

<!-- This site is optimized with the Yoast SEO plugin v27.5 - https://yoast.com/product/yoast-seo-wordpress/ -->
<title>Le Plus Grand Cabaret du monde de Patrick Sébastien - Autocars de la Vallée d&#039;Azergues</title>
<meta name="description" content="place assise en gradin latéral catégorie 1" />
<meta name="robots" content="index, follow, max-snippet:-1, max-image-preview:large, max-video-preview:-1" />
<link rel="canonical" href="https://www.valleedazergues.com/en/individual-offers/le-plus-grand-cabaret-du-monde-de-patrick-sebastien/" />
<meta property="og:locale" content="en_GB" />
<meta property="og:type" content="article" />
<meta property="og:title" content="Le Plus Grand Cabaret du monde de Patrick Sébastien - Autocars de la Vallée d&#039;Azergues" />
<meta property="og:description" content="place assise en gradin latéral catégorie 1" />
<meta property="og:url" content="https://www.valleedazergues.com/en/individual-offers/le-plus-grand-cabaret-du-monde-de-patrick-sebastien/" />
<meta property="og:site_name" content="Autocars de la Vallée d&#039;Azergues" />
<meta property="article:publisher" content="https://www.facebook.com/autocarsvalleedazergues/" />
<meta property="article:modified_time" content="2023-11-01T08:14:45+00:00" />
<meta property="og:image" content="https://www.valleedazergues.com/wp-content/uploads/2021/07/Le-Plus-Grand-Cabaret-du-monde-de-Patrick-Sebastien.jpg" />
	<meta property="og:image:width" content="1000" />
	<meta property="og:image:height" content="716" />
	<meta property="og:image:type" content="image/jpeg" />
<meta name="twitter:card" content="summary_large_image" />
<script type="application/ld+json" class="yoast-schema-graph">{"@context":"https:\/\/schema.org","@graph":[{"@type":"WebPage","@id":"https:\/\/www.valleedazergues.com\/en\/individual-offers\/le-plus-grand-cabaret-du-monde-de-patrick-sebastien\/","url":"https:\/\/www.valleedazergues.com\/en\/individual-offers\/le-plus-grand-cabaret-du-monde-de-patrick-sebastien\/","name":"Le Plus Grand Cabaret du monde de Patrick Sébastien - Autocars de la Vallée d&#039;Azergues","isPartOf":{"@id":"https:\/\/www.valleedazergues.com\/en\/#website"},"primaryImageOfPage":{"@id":"https:\/\/www.valleedazergues.com\/en\/individual-offers\/le-plus-grand-cabaret-du-monde-de-patrick-sebastien\/#primaryimage"},"image":{"@id":"https:\/\/www.valleedazergues.com\/en\/individual-offers\/le-plus-grand-cabaret-du-monde-de-patrick-sebastien\/#primaryimage"},"thumbnailUrl":"https:\/\/www.valleedazergues.com\/wp-content\/uploads\/2021\/07\/Le-Plus-Grand-Cabaret-du-monde-de-Patrick-Sebastien.jpg","datePublished":"2021-07-21T11:00:13+00:00","dateModified":"2023-11-01T08:14:45+00:00","description":"place assise en gradin latéral catégorie 1","breadcrumb":{"@id":"https:\/\/www.valleedazergues.com\/en\/individual-offers\/le-plus-grand-cabaret-du-monde-de-patrick-sebastien\/#breadcrumb"},"inLanguage":"en-GB","potentialAction":[{"@type":"ReadAction","target":["https:\/\/www.valleedazergues.com\/en\/individual-offers\/le-plus-grand-cabaret-du-monde-de-patrick-sebastien\/"]}]},{"@type":"ImageObject","inLanguage":"en-GB","@id":"https:\/\/www.valleedazergues.com\/en\/individual-offers\/le-plus-grand-cabaret-du-monde-de-patrick-sebastien\/#primaryimage","url":"https:\/\/www.valleedazergues.com\/wp-content\/uploads\/2021\/07\/Le-Plus-Grand-Cabaret-du-monde-de-Patrick-Sebastien.jpg","contentUrl":"https:\/\/www.valleedazergues.com\/wp-content\/uploads\/2021\/07\/Le-Plus-Grand-Cabaret-du-monde-de-Patrick-Sebastien.jpg","width":1000,"height":716,"caption":"Le Plus Grand Cabaret du monde de Patrick Sébastien"},{"@type":"BreadcrumbList","@id":"https:\/\/www.valleedazergues.com\/en\/individual-offers\/le-plus-grand-cabaret-du-monde-de-patrick-sebastien\/#breadcrumb","itemListElement":[{"@type":"ListItem","position":1,"name":"Accueil","item":"https:\/\/www.valleedazergues.com\/en\/"},{"@type":"ListItem","position":2,"name":"Offres Individuels","item":"https:\/\/www.valleedazergues.com\/en\/individual-offers\/"},{"@type":"ListItem","position":3,"name":"Le Plus Grand Cabaret du monde de Patrick Sébastien"}]},{"@type":"WebSite","@id":"https:\/\/www.valleedazergues.com\/en\/#website","url":"https:\/\/www.valleedazergues.com\/en\/","name":"Autocars de la Vallée d'Azergues","description":"","publisher":{"@id":"https:\/\/www.valleedazergues.com\/en\/#organization"},"potentialAction":[{"@type":"SearchAction","target":{"@type":"EntryPoint","urlTemplate":"https:\/\/www.valleedazergues.com\/en\/?s={search_term_string}"},"query-input":{"@type":"PropertyValueSpecification","valueRequired":true,"valueName":"search_term_string"}}],"inLanguage":"en-GB"},{"@type":"Organization","@id":"https:\/\/www.valleedazergues.com\/en\/#organization","name":"Autocars Vallée d'Azergues","url":"https:\/\/www.valleedazergues.com\/en\/","logo":{"@type":"ImageObject","inLanguage":"en-GB","@id":"https:\/\/www.valleedazergues.com\/en\/#\/schema\/logo\/image\/","url":"https:\/\/www.valleedazergues.com\/wp-content\/uploads\/2021\/08\/partage-site.jpg","contentUrl":"https:\/\/www.valleedazergues.com\/wp-content\/uploads\/2021\/08\/partage-site.jpg","width":560,"height":292,"caption":"Autocars Vallée d'Azergues"},"image":{"@id":"https:\/\/www.valleedazergues.com\/en\/#\/schema\/logo\/image\/"},"sameAs":["https:\/\/www.facebook.com\/autocarsvalleedazergues\/"]}]}</script>
<!-- / Yoast SEO plugin. -->

Le Plus Grand Cabaret du monde de Patrick Sébastien - Autocars de la Vallée d&#039;Azergues

place assise en gradin latéral catégorie 1

Autocars de la Vallée d&#039;Azergues

Autocars de la Vallée d'Azergues

Autocars Vallée d'Azergues
