{"id":76233,"date":"2022-06-29T18:25:19","date_gmt":"2022-06-29T16:25:19","guid":{"rendered":"https:\/\/www.valleedazergues.com\/?post_type=offres-individuels&#038;p=76233"},"modified":"2022-07-27T10:13:16","modified_gmt":"2022-07-27T08:13:16","slug":"festival-des-musiques-militaires-et-civiles","status":"publish","type":"offres-individuels","link":"https:\/\/www.valleedazergues.com\/en\/individual-offers\/festival-des-musiques-militaires-et-civiles\/","title":{"rendered":"FESTIVAL DES MUSIQUES MILITAIRES ET CIVILES"},"author":2,"featured_media":76235,"template":"","class_list":["post-76233","offres-individuels","type-offres-individuels","status-publish","has-post-thumbnail","hentry"],"yoast_head":"<!-- This site is optimized with the Yoast SEO plugin v27.5 - https:\/\/yoast.com\/product\/yoast-seo-wordpress\/ -->\n<title>FESTIVAL DES MUSIQUES MILITAIRES ET CIVILES - Autocars de la Vall\u00e9e d&#039;Azergues<\/title>\n<meta name=\"description\" content=\"comprenant le transport en autocar, l&#039;entr\u00e9e au festival (place assise en gradin abrit\u00e9) et le plateau repas de midi\" \/>\n<meta name=\"robots\" content=\"index, follow, max-snippet:-1, max-image-preview:large, max-video-preview:-1\" \/>\n<link rel=\"canonical\" href=\"https:\/\/www.valleedazergues.com\/en\/individual-offers\/festival-des-musiques-militaires-et-civiles\/\" \/>\n<meta property=\"og:locale\" content=\"en_GB\" \/>\n<meta property=\"og:type\" content=\"article\" \/>\n<meta property=\"og:title\" content=\"FESTIVAL DES MUSIQUES MILITAIRES ET CIVILES - Autocars de la Vall\u00e9e d&#039;Azergues\" \/>\n<meta property=\"og:description\" content=\"comprenant le transport en autocar, l&#039;entr\u00e9e au festival (place assise en gradin abrit\u00e9) et le plateau repas de midi\" \/>\n<meta property=\"og:url\" content=\"https:\/\/www.valleedazergues.com\/en\/individual-offers\/festival-des-musiques-militaires-et-civiles\/\" \/>\n<meta property=\"og:site_name\" content=\"Autocars de la Vall\u00e9e d&#039;Azergues\" \/>\n<meta property=\"article:publisher\" content=\"https:\/\/www.facebook.com\/autocarsvalleedazergues\/\" \/>\n<meta property=\"article:modified_time\" content=\"2022-07-27T08:13:16+00:00\" \/>\n<meta property=\"og:image\" content=\"https:\/\/www.valleedazergues.com\/wp-content\/uploads\/2022\/06\/festival-musiques-militaires.jpg\" \/>\n\t<meta property=\"og:image:width\" content=\"1067\" \/>\n\t<meta property=\"og:image:height\" content=\"1600\" \/>\n\t<meta property=\"og:image:type\" content=\"image\/jpeg\" \/>\n<meta name=\"twitter:card\" content=\"summary_large_image\" \/>\n<script type=\"application\/ld+json\" class=\"yoast-schema-graph\">{\"@context\":\"https:\\\/\\\/schema.org\",\"@graph\":[{\"@type\":\"WebPage\",\"@id\":\"https:\\\/\\\/www.valleedazergues.com\\\/en\\\/individual-offers\\\/festival-des-musiques-militaires-et-civiles\\\/\",\"url\":\"https:\\\/\\\/www.valleedazergues.com\\\/en\\\/individual-offers\\\/festival-des-musiques-militaires-et-civiles\\\/\",\"name\":\"FESTIVAL DES MUSIQUES MILITAIRES ET CIVILES - Autocars de la Vall\u00e9e d&#039;Azergues\",\"isPartOf\":{\"@id\":\"https:\\\/\\\/www.valleedazergues.com\\\/en\\\/#website\"},\"primaryImageOfPage\":{\"@id\":\"https:\\\/\\\/www.valleedazergues.com\\\/en\\\/individual-offers\\\/festival-des-musiques-militaires-et-civiles\\\/#primaryimage\"},\"image\":{\"@id\":\"https:\\\/\\\/www.valleedazergues.com\\\/en\\\/individual-offers\\\/festival-des-musiques-militaires-et-civiles\\\/#primaryimage\"},\"thumbnailUrl\":\"https:\\\/\\\/www.valleedazergues.com\\\/wp-content\\\/uploads\\\/2022\\\/06\\\/festival-musiques-militaires.jpg\",\"datePublished\":\"2022-06-29T16:25:19+00:00\",\"dateModified\":\"2022-07-27T08:13:16+00:00\",\"description\":\"comprenant le transport en autocar, l'entr\u00e9e au festival (place assise en gradin abrit\u00e9) et le plateau repas de midi\",\"breadcrumb\":{\"@id\":\"https:\\\/\\\/www.valleedazergues.com\\\/en\\\/individual-offers\\\/festival-des-musiques-militaires-et-civiles\\\/#breadcrumb\"},\"inLanguage\":\"en-GB\",\"potentialAction\":[{\"@type\":\"ReadAction\",\"target\":[\"https:\\\/\\\/www.valleedazergues.com\\\/en\\\/individual-offers\\\/festival-des-musiques-militaires-et-civiles\\\/\"]}]},{\"@type\":\"ImageObject\",\"inLanguage\":\"en-GB\",\"@id\":\"https:\\\/\\\/www.valleedazergues.com\\\/en\\\/individual-offers\\\/festival-des-musiques-militaires-et-civiles\\\/#primaryimage\",\"url\":\"https:\\\/\\\/www.valleedazergues.com\\\/wp-content\\\/uploads\\\/2022\\\/06\\\/festival-musiques-militaires.jpg\",\"contentUrl\":\"https:\\\/\\\/www.valleedazergues.com\\\/wp-content\\\/uploads\\\/2022\\\/06\\\/festival-musiques-militaires.jpg\",\"width\":1067,\"height\":1600},{\"@type\":\"BreadcrumbList\",\"@id\":\"https:\\\/\\\/www.valleedazergues.com\\\/en\\\/individual-offers\\\/festival-des-musiques-militaires-et-civiles\\\/#breadcrumb\",\"itemListElement\":[{\"@type\":\"ListItem\",\"position\":1,\"name\":\"Accueil\",\"item\":\"https:\\\/\\\/www.valleedazergues.com\\\/en\\\/\"},{\"@type\":\"ListItem\",\"position\":2,\"name\":\"Offres Individuels\",\"item\":\"https:\\\/\\\/www.valleedazergues.com\\\/en\\\/individual-offers\\\/\"},{\"@type\":\"ListItem\",\"position\":3,\"name\":\"FESTIVAL DES MUSIQUES MILITAIRES ET CIVILES\"}]},{\"@type\":\"WebSite\",\"@id\":\"https:\\\/\\\/www.valleedazergues.com\\\/en\\\/#website\",\"url\":\"https:\\\/\\\/www.valleedazergues.com\\\/en\\\/\",\"name\":\"Autocars de la Vall\u00e9e d'Azergues\",\"description\":\"\",\"publisher\":{\"@id\":\"https:\\\/\\\/www.valleedazergues.com\\\/en\\\/#organization\"},\"potentialAction\":[{\"@type\":\"SearchAction\",\"target\":{\"@type\":\"EntryPoint\",\"urlTemplate\":\"https:\\\/\\\/www.valleedazergues.com\\\/en\\\/?s={search_term_string}\"},\"query-input\":{\"@type\":\"PropertyValueSpecification\",\"valueRequired\":true,\"valueName\":\"search_term_string\"}}],\"inLanguage\":\"en-GB\"},{\"@type\":\"Organization\",\"@id\":\"https:\\\/\\\/www.valleedazergues.com\\\/en\\\/#organization\",\"name\":\"Autocars Vall\u00e9e d'Azergues\",\"url\":\"https:\\\/\\\/www.valleedazergues.com\\\/en\\\/\",\"logo\":{\"@type\":\"ImageObject\",\"inLanguage\":\"en-GB\",\"@id\":\"https:\\\/\\\/www.valleedazergues.com\\\/en\\\/#\\\/schema\\\/logo\\\/image\\\/\",\"url\":\"https:\\\/\\\/www.valleedazergues.com\\\/wp-content\\\/uploads\\\/2021\\\/08\\\/partage-site.jpg\",\"contentUrl\":\"https:\\\/\\\/www.valleedazergues.com\\\/wp-content\\\/uploads\\\/2021\\\/08\\\/partage-site.jpg\",\"width\":560,\"height\":292,\"caption\":\"Autocars Vall\u00e9e d'Azergues\"},\"image\":{\"@id\":\"https:\\\/\\\/www.valleedazergues.com\\\/en\\\/#\\\/schema\\\/logo\\\/image\\\/\"},\"sameAs\":[\"https:\\\/\\\/www.facebook.com\\\/autocarsvalleedazergues\\\/\"]}]}<\/script>\n<!-- \/ Yoast SEO plugin. -->","yoast_head_json":{"title":"FESTIVAL DES MUSIQUES MILITAIRES ET CIVILES - Autocars de la Vall\u00e9e d&#039;Azergues","description":"comprenant le transport en autocar, l'entr\u00e9e au festival (place assise en gradin abrit\u00e9) et le plateau repas de midi","robots":{"index":"index","follow":"follow","max-snippet":"max-snippet:-1","max-image-preview":"max-image-preview:large","max-video-preview":"max-video-preview:-1"},"canonical":"https:\/\/www.valleedazergues.com\/en\/individual-offers\/festival-des-musiques-militaires-et-civiles\/","og_locale":"en_GB","og_type":"article","og_title":"FESTIVAL DES MUSIQUES MILITAIRES ET CIVILES - Autocars de la Vall\u00e9e d&#039;Azergues","og_description":"comprenant le transport en autocar, l'entr\u00e9e au festival (place assise en gradin abrit\u00e9) et le plateau repas de midi","og_url":"https:\/\/www.valleedazergues.com\/en\/individual-offers\/festival-des-musiques-militaires-et-civiles\/","og_site_name":"Autocars de la Vall\u00e9e d&#039;Azergues","article_publisher":"https:\/\/www.facebook.com\/autocarsvalleedazergues\/","article_modified_time":"2022-07-27T08:13:16+00:00","og_image":[{"width":1067,"height":1600,"url":"https:\/\/www.valleedazergues.com\/wp-content\/uploads\/2022\/06\/festival-musiques-militaires.jpg","type":"image\/jpeg"}],"twitter_card":"summary_large_image","schema":{"@context":"https:\/\/schema.org","@graph":[{"@type":"WebPage","@id":"https:\/\/www.valleedazergues.com\/en\/individual-offers\/festival-des-musiques-militaires-et-civiles\/","url":"https:\/\/www.valleedazergues.com\/en\/individual-offers\/festival-des-musiques-militaires-et-civiles\/","name":"FESTIVAL DES MUSIQUES MILITAIRES ET CIVILES - Autocars de la Vall\u00e9e d&#039;Azergues","isPartOf":{"@id":"https:\/\/www.valleedazergues.com\/en\/#website"},"primaryImageOfPage":{"@id":"https:\/\/www.valleedazergues.com\/en\/individual-offers\/festival-des-musiques-militaires-et-civiles\/#primaryimage"},"image":{"@id":"https:\/\/www.valleedazergues.com\/en\/individual-offers\/festival-des-musiques-militaires-et-civiles\/#primaryimage"},"thumbnailUrl":"https:\/\/www.valleedazergues.com\/wp-content\/uploads\/2022\/06\/festival-musiques-militaires.jpg","datePublished":"2022-06-29T16:25:19+00:00","dateModified":"2022-07-27T08:13:16+00:00","description":"comprenant le transport en autocar, l'entr\u00e9e au festival (place assise en gradin abrit\u00e9) et le plateau repas de midi","breadcrumb":{"@id":"https:\/\/www.valleedazergues.com\/en\/individual-offers\/festival-des-musiques-militaires-et-civiles\/#breadcrumb"},"inLanguage":"en-GB","potentialAction":[{"@type":"ReadAction","target":["https:\/\/www.valleedazergues.com\/en\/individual-offers\/festival-des-musiques-militaires-et-civiles\/"]}]},{"@type":"ImageObject","inLanguage":"en-GB","@id":"https:\/\/www.valleedazergues.com\/en\/individual-offers\/festival-des-musiques-militaires-et-civiles\/#primaryimage","url":"https:\/\/www.valleedazergues.com\/wp-content\/uploads\/2022\/06\/festival-musiques-militaires.jpg","contentUrl":"https:\/\/www.valleedazergues.com\/wp-content\/uploads\/2022\/06\/festival-musiques-militaires.jpg","width":1067,"height":1600},{"@type":"BreadcrumbList","@id":"https:\/\/www.valleedazergues.com\/en\/individual-offers\/festival-des-musiques-militaires-et-civiles\/#breadcrumb","itemListElement":[{"@type":"ListItem","position":1,"name":"Accueil","item":"https:\/\/www.valleedazergues.com\/en\/"},{"@type":"ListItem","position":2,"name":"Offres Individuels","item":"https:\/\/www.valleedazergues.com\/en\/individual-offers\/"},{"@type":"ListItem","position":3,"name":"FESTIVAL DES MUSIQUES MILITAIRES ET CIVILES"}]},{"@type":"WebSite","@id":"https:\/\/www.valleedazergues.com\/en\/#website","url":"https:\/\/www.valleedazergues.com\/en\/","name":"Autocars de la Vall\u00e9e d'Azergues","description":"","publisher":{"@id":"https:\/\/www.valleedazergues.com\/en\/#organization"},"potentialAction":[{"@type":"SearchAction","target":{"@type":"EntryPoint","urlTemplate":"https:\/\/www.valleedazergues.com\/en\/?s={search_term_string}"},"query-input":{"@type":"PropertyValueSpecification","valueRequired":true,"valueName":"search_term_string"}}],"inLanguage":"en-GB"},{"@type":"Organization","@id":"https:\/\/www.valleedazergues.com\/en\/#organization","name":"Autocars Vall\u00e9e d'Azergues","url":"https:\/\/www.valleedazergues.com\/en\/","logo":{"@type":"ImageObject","inLanguage":"en-GB","@id":"https:\/\/www.valleedazergues.com\/en\/#\/schema\/logo\/image\/","url":"https:\/\/www.valleedazergues.com\/wp-content\/uploads\/2021\/08\/partage-site.jpg","contentUrl":"https:\/\/www.valleedazergues.com\/wp-content\/uploads\/2021\/08\/partage-site.jpg","width":560,"height":292,"caption":"Autocars Vall\u00e9e d'Azergues"},"image":{"@id":"https:\/\/www.valleedazergues.com\/en\/#\/schema\/logo\/image\/"},"sameAs":["https:\/\/www.facebook.com\/autocarsvalleedazergues\/"]}]}},"featured_img":"https:\/\/www.valleedazergues.com\/wp-content\/uploads\/2022\/06\/festival-musiques-militaires.jpg","coauthors":[],"author_meta":{"author_link":"https:\/\/www.valleedazergues.com\/en\/author\/autocarsvda\/","display_name":"autocarsVDA"},"relative_dates":{"created":"Posted 4 years ago","modified":"Updated 4 years ago"},"absolute_dates":{"created":"Posted on 29 June 2022","modified":"Updated on 27 July 2022"},"absolute_dates_time":{"created":"Posted on 29 June 2022 18:25","modified":"Updated on 27 July 2022 10:13"},"featured_img_caption":"","tax_additional":[],"series_order":"","_links":{"self":[{"href":"https:\/\/www.valleedazergues.com\/en\/wp-json\/wp\/v2\/offres-individuels\/76233","targetHints":{"allow":["GET"]}}],"collection":[{"href":"https:\/\/www.valleedazergues.com\/en\/wp-json\/wp\/v2\/offres-individuels"}],"about":[{"href":"https:\/\/www.valleedazergues.com\/en\/wp-json\/wp\/v2\/types\/offres-individuels"}],"wp:featuredmedia":[{"embeddable":true,"href":"https:\/\/www.valleedazergues.com\/en\/wp-json\/wp\/v2\/media\/76235"}],"wp:attachment":[{"href":"https:\/\/www.valleedazergues.com\/en\/wp-json\/wp\/v2\/media?parent=76233"}],"curies":[{"name":"wp","href":"https:\/\/api.w.org\/{rel}","templated":true}]}}

<!-- This site is optimized with the Yoast SEO plugin v27.5 - https://yoast.com/product/yoast-seo-wordpress/ -->
<title>FESTIVAL DES MUSIQUES MILITAIRES ET CIVILES - Autocars de la Vallée d&#039;Azergues</title>
<meta name="description" content="comprenant le transport en autocar, l&#039;entrée au festival (place assise en gradin abrité) et le plateau repas de midi" />
<meta name="robots" content="index, follow, max-snippet:-1, max-image-preview:large, max-video-preview:-1" />
<link rel="canonical" href="https://www.valleedazergues.com/en/individual-offers/festival-des-musiques-militaires-et-civiles/" />
<meta property="og:locale" content="en_GB" />
<meta property="og:type" content="article" />
<meta property="og:title" content="FESTIVAL DES MUSIQUES MILITAIRES ET CIVILES - Autocars de la Vallée d&#039;Azergues" />
<meta property="og:description" content="comprenant le transport en autocar, l&#039;entrée au festival (place assise en gradin abrité) et le plateau repas de midi" />
<meta property="og:url" content="https://www.valleedazergues.com/en/individual-offers/festival-des-musiques-militaires-et-civiles/" />
<meta property="og:site_name" content="Autocars de la Vallée d&#039;Azergues" />
<meta property="article:publisher" content="https://www.facebook.com/autocarsvalleedazergues/" />
<meta property="article:modified_time" content="2022-07-27T08:13:16+00:00" />
<meta property="og:image" content="https://www.valleedazergues.com/wp-content/uploads/2022/06/festival-musiques-militaires.jpg" />
	<meta property="og:image:width" content="1067" />
	<meta property="og:image:height" content="1600" />
	<meta property="og:image:type" content="image/jpeg" />
<meta name="twitter:card" content="summary_large_image" />
<script type="application/ld+json" class="yoast-schema-graph">{"@context":"https:\/\/schema.org","@graph":[{"@type":"WebPage","@id":"https:\/\/www.valleedazergues.com\/en\/individual-offers\/festival-des-musiques-militaires-et-civiles\/","url":"https:\/\/www.valleedazergues.com\/en\/individual-offers\/festival-des-musiques-militaires-et-civiles\/","name":"FESTIVAL DES MUSIQUES MILITAIRES ET CIVILES - Autocars de la Vallée d&#039;Azergues","isPartOf":{"@id":"https:\/\/www.valleedazergues.com\/en\/#website"},"primaryImageOfPage":{"@id":"https:\/\/www.valleedazergues.com\/en\/individual-offers\/festival-des-musiques-militaires-et-civiles\/#primaryimage"},"image":{"@id":"https:\/\/www.valleedazergues.com\/en\/individual-offers\/festival-des-musiques-militaires-et-civiles\/#primaryimage"},"thumbnailUrl":"https:\/\/www.valleedazergues.com\/wp-content\/uploads\/2022\/06\/festival-musiques-militaires.jpg","datePublished":"2022-06-29T16:25:19+00:00","dateModified":"2022-07-27T08:13:16+00:00","description":"comprenant le transport en autocar, l'entrée au festival (place assise en gradin abrité) et le plateau repas de midi","breadcrumb":{"@id":"https:\/\/www.valleedazergues.com\/en\/individual-offers\/festival-des-musiques-militaires-et-civiles\/#breadcrumb"},"inLanguage":"en-GB","potentialAction":[{"@type":"ReadAction","target":["https:\/\/www.valleedazergues.com\/en\/individual-offers\/festival-des-musiques-militaires-et-civiles\/"]}]},{"@type":"ImageObject","inLanguage":"en-GB","@id":"https:\/\/www.valleedazergues.com\/en\/individual-offers\/festival-des-musiques-militaires-et-civiles\/#primaryimage","url":"https:\/\/www.valleedazergues.com\/wp-content\/uploads\/2022\/06\/festival-musiques-militaires.jpg","contentUrl":"https:\/\/www.valleedazergues.com\/wp-content\/uploads\/2022\/06\/festival-musiques-militaires.jpg","width":1067,"height":1600},{"@type":"BreadcrumbList","@id":"https:\/\/www.valleedazergues.com\/en\/individual-offers\/festival-des-musiques-militaires-et-civiles\/#breadcrumb","itemListElement":[{"@type":"ListItem","position":1,"name":"Accueil","item":"https:\/\/www.valleedazergues.com\/en\/"},{"@type":"ListItem","position":2,"name":"Offres Individuels","item":"https:\/\/www.valleedazergues.com\/en\/individual-offers\/"},{"@type":"ListItem","position":3,"name":"FESTIVAL DES MUSIQUES MILITAIRES ET CIVILES"}]},{"@type":"WebSite","@id":"https:\/\/www.valleedazergues.com\/en\/#website","url":"https:\/\/www.valleedazergues.com\/en\/","name":"Autocars de la Vallée d'Azergues","description":"","publisher":{"@id":"https:\/\/www.valleedazergues.com\/en\/#organization"},"potentialAction":[{"@type":"SearchAction","target":{"@type":"EntryPoint","urlTemplate":"https:\/\/www.valleedazergues.com\/en\/?s={search_term_string}"},"query-input":{"@type":"PropertyValueSpecification","valueRequired":true,"valueName":"search_term_string"}}],"inLanguage":"en-GB"},{"@type":"Organization","@id":"https:\/\/www.valleedazergues.com\/en\/#organization","name":"Autocars Vallée d'Azergues","url":"https:\/\/www.valleedazergues.com\/en\/","logo":{"@type":"ImageObject","inLanguage":"en-GB","@id":"https:\/\/www.valleedazergues.com\/en\/#\/schema\/logo\/image\/","url":"https:\/\/www.valleedazergues.com\/wp-content\/uploads\/2021\/08\/partage-site.jpg","contentUrl":"https:\/\/www.valleedazergues.com\/wp-content\/uploads\/2021\/08\/partage-site.jpg","width":560,"height":292,"caption":"Autocars Vallée d'Azergues"},"image":{"@id":"https:\/\/www.valleedazergues.com\/en\/#\/schema\/logo\/image\/"},"sameAs":["https:\/\/www.facebook.com\/autocarsvalleedazergues\/"]}]}</script>
<!-- / Yoast SEO plugin. -->

FESTIVAL DES MUSIQUES MILITAIRES ET CIVILES - Autocars de la Vallée d&#039;Azergues

comprenant le transport en autocar, l'entrée au festival (place assise en gradin abrité) et le plateau repas de midi

Autocars de la Vallée d&#039;Azergues

Autocars de la Vallée d'Azergues

Autocars Vallée d'Azergues
